{"id":1899,"date":"2025-06-06T15:52:47","date_gmt":"2025-06-06T15:52:47","guid":{"rendered":"https:\/\/indupan.com\/?page_id=1899"},"modified":"2025-08-15T20:10:02","modified_gmt":"2025-08-15T20:10:02","slug":"nosotros","status":"publish","type":"page","link":"https:\/\/indupan.com\/index.php\/nosotros\/","title":{"rendered":"Nosotros"},"content":{"rendered":"\t\t<div data-elementor-type=\"wp-page\" data-elementor-id=\"1899\" class=\"elementor elementor-1899\">\n\t\t\t\t<div class=\"elementor-element elementor-element-87256c6 e-flex e-con-boxed e-con e-parent\" data-id=\"87256c6\" data-element_type=\"container\" data-e-type=\"container\" data-settings=\"{&quot;background_background&quot;:&quot;gradient&quot;}\">\n\t\t\t\t\t<div class=\"e-con-inner\">\n\t\t<div class=\"elementor-element elementor-element-1e80642 e-con-full e-flex elementor-invisible e-con e-child\" data-id=\"1e80642\" data-element_type=\"container\" data-e-type=\"container\" data-settings=\"{&quot;animation&quot;:&quot;slideInLeft&quot;}\">\n\t\t\t\t<div class=\"elementor-element elementor-element-5b20058 elementor-widget elementor-widget-heading\" data-id=\"5b20058\" data-element_type=\"widget\" data-e-type=\"widget\" data-widget_type=\"heading.default\">\n\t\t\t\t<div class=\"elementor-widget-container\">\n\t\t\t\t\t<h2 class=\"elementor-heading-title elementor-size-default\">Nuestra Historia<\/h2>\t\t\t\t<\/div>\n\t\t\t\t<\/div>\n\t\t\t\t<div class=\"elementor-element elementor-element-e8d1cf5 elementor-widget elementor-widget-text-editor\" data-id=\"e8d1cf5\" data-element_type=\"widget\" data-e-type=\"widget\" data-widget_type=\"text-editor.default\">\n\t\t\t\t<div class=\"elementor-widget-container\">\n\t\t\t\t\t\t\t\t\t<p>Con un sue\u00f1o familiar, <strong>Harinera Indupan<\/strong> nace en 1992, con el anhelo de fabricar, comercializar y fidelizar la calidad de nuestros productos derivados de trigo y ma\u00edz, alcanzando a todas las panader\u00edas y hogares colombianos, implementando valores como confianza, transparencia e integridad en nuestros servicios.<\/p>\t\t\t\t\t\t\t\t<\/div>\n\t\t\t\t<\/div>\n\t\t\t\t<\/div>\n\t\t<div class=\"elementor-element elementor-element-f8eee09 e-con-full e-flex elementor-invisible e-con e-child\" data-id=\"f8eee09\" data-element_type=\"container\" data-e-type=\"container\" data-settings=\"{&quot;animation&quot;:&quot;slideInRight&quot;}\">\n\t\t\t\t<div class=\"elementor-element elementor-element-9e4abf1 elementor-widget elementor-widget-image\" data-id=\"9e4abf1\" data-element_type=\"widget\" data-e-type=\"widget\" data-widget_type=\"image.default\">\n\t\t\t\t<div class=\"elementor-widget-container\">\n\t\t\t\t\t\t\t\t\t\t\t\t\t\t\t<img fetchpriority=\"high\" decoding=\"async\" width=\"1000\" height=\"667\" src=\"https:\/\/indupan.com\/wp-content\/uploads\/2025\/06\/9881.jpg\" class=\"attachment-large size-large wp-image-2072\" alt=\"\" srcset=\"https:\/\/indupan.com\/wp-content\/uploads\/2025\/06\/9881.jpg 1000w, https:\/\/indupan.com\/wp-content\/uploads\/2025\/06\/9881-300x200.jpg 300w, https:\/\/indupan.com\/wp-content\/uploads\/2025\/06\/9881-768x512.jpg 768w\" sizes=\"(max-width: 1000px) 100vw, 1000px\" \/>\t\t\t\t\t\t\t\t\t\t\t\t\t\t\t<\/div>\n\t\t\t\t<\/div>\n\t\t\t\t<\/div>\n\t\t\t\t\t<\/div>\n\t\t\t\t<\/div>\n\t\t<div class=\"elementor-element elementor-element-6e104a9 e-flex e-con-boxed elementor-invisible e-con e-parent\" data-id=\"6e104a9\" data-element_type=\"container\" data-e-type=\"container\" data-settings=\"{&quot;animation&quot;:&quot;fadeIn&quot;}\">\n\t\t\t\t\t<div class=\"e-con-inner\">\n\t\t<div class=\"elementor-element elementor-element-6812066 e-con-full e-flex e-con e-child\" data-id=\"6812066\" data-element_type=\"container\" data-e-type=\"container\">\n\t\t\t\t<div class=\"elementor-element elementor-element-5909f2c elementor-invisible elementor-widget elementor-widget-ucaddon_gradient_underline_text_effect\" data-id=\"5909f2c\" data-element_type=\"widget\" data-e-type=\"widget\" data-settings=\"{&quot;_animation&quot;:&quot;fadeIn&quot;}\" data-widget_type=\"ucaddon_gradient_underline_text_effect.default\">\n\t\t\t\t<div class=\"elementor-widget-container\">\n\t\t\t\t\t\n<!-- start Gradient Underline Text Effect -->\n<style>\/* widget: Gradient Underline Text Effect *\/\n\n#uc_gradient_underline_text_effect_elementor_5909f2c\n{\n  text-align:center;\n}\n#uc_gradient_underline_text_effect_elementor_5909f2c .underline--magical {\n  background-image: linear-gradient(120deg, #D55959 0%, #F00000 100%);\n  background-repeat: no-repeat;\n  background-size: 100% 0.2em;\n  background-position: 0 88%;\n  transition: background-size 0.25s ease-in;\n}\n\n#uc_gradient_underline_text_effect_elementor_5909f2c .underline--magical:hover {\n  background-size: 100% 88%;\n}\n\n\n<\/style>\n\n<div id=\"uc_gradient_underline_text_effect_elementor_5909f2c\" class=\"gradient_underline_text_effect\" style=\"color:#1B1B1B;\">\n<span class=\"beginning_text\" style=\"color:;\"><\/span> \n<span class=\"underline--magical\" style=\"color:;\">Misi\u00f3n<\/span> \n<span class=\"ending_text\" style=\"color:;\"><\/span>\n<\/div>\n<!-- end Gradient Underline Text Effect -->\t\t\t\t<\/div>\n\t\t\t\t<\/div>\n\t\t\t\t<div class=\"elementor-element elementor-element-ac07611 elementor-invisible elementor-widget elementor-widget-text-editor\" data-id=\"ac07611\" data-element_type=\"widget\" data-e-type=\"widget\" data-settings=\"{&quot;_animation&quot;:&quot;fadeIn&quot;}\" data-widget_type=\"text-editor.default\">\n\t\t\t\t<div class=\"elementor-widget-container\">\n\t\t\t\t\t\t\t\t\t<p>Trabajamos para ofrecer nuestros productos con los m\u00e1s altos est\u00e1ndares de calidad y brindamos un servicio integral que nos conecte con las necesidades y expectativas de nuestros clientes con el fin de optimizar sus resultados.<\/p>\t\t\t\t\t\t\t\t<\/div>\n\t\t\t\t<\/div>\n\t\t\t\t<\/div>\n\t\t<div class=\"elementor-element elementor-element-e24b35c e-con-full e-flex elementor-invisible e-con e-child\" data-id=\"e24b35c\" data-element_type=\"container\" data-e-type=\"container\" data-settings=\"{&quot;animation&quot;:&quot;fadeIn&quot;}\">\n\t\t\t\t<div class=\"elementor-element elementor-element-09feeb3 elementor-invisible elementor-widget elementor-widget-ucaddon_gradient_underline_text_effect\" data-id=\"09feeb3\" data-element_type=\"widget\" data-e-type=\"widget\" data-settings=\"{&quot;_animation&quot;:&quot;fadeIn&quot;}\" data-widget_type=\"ucaddon_gradient_underline_text_effect.default\">\n\t\t\t\t<div class=\"elementor-widget-container\">\n\t\t\t\t\t\n<!-- start Gradient Underline Text Effect -->\n<style>\/* widget: Gradient Underline Text Effect *\/\n\n#uc_gradient_underline_text_effect_elementor_09feeb3\n{\n  text-align:center;\n}\n#uc_gradient_underline_text_effect_elementor_09feeb3 .underline--magical {\n  background-image: linear-gradient(120deg, #D55959 0%, #F00000 100%);\n  background-repeat: no-repeat;\n  background-size: 100% 0.2em;\n  background-position: 0 88%;\n  transition: background-size 0.25s ease-in;\n}\n\n#uc_gradient_underline_text_effect_elementor_09feeb3 .underline--magical:hover {\n  background-size: 100% 88%;\n}\n\n\n<\/style>\n\n<div id=\"uc_gradient_underline_text_effect_elementor_09feeb3\" class=\"gradient_underline_text_effect\" style=\"color:#1B1B1B;\">\n<span class=\"beginning_text\" style=\"color:;\"><\/span> \n<span class=\"underline--magical\" style=\"color:;\">Visi\u00f3n<\/span> \n<span class=\"ending_text\" style=\"color:;\"><\/span>\n<\/div>\n<!-- end Gradient Underline Text Effect -->\t\t\t\t<\/div>\n\t\t\t\t<\/div>\n\t\t\t\t<div class=\"elementor-element elementor-element-77a105d elementor-invisible elementor-widget elementor-widget-text-editor\" data-id=\"77a105d\" data-element_type=\"widget\" data-e-type=\"widget\" data-settings=\"{&quot;_animation&quot;:&quot;fadeIn&quot;}\" data-widget_type=\"text-editor.default\">\n\t\t\t\t<div class=\"elementor-widget-container\">\n\t\t\t\t\t\t\t\t\t<p>Para el a\u00f1o 2028 queremos ser la empresa l\u00edder de Colombia en el mercado de las harinas de trigo, ampliando nuestra participaci\u00f3n a nivel nacional, apoy\u00e1ndonos en las nuevas tecnolog\u00edas para as\u00ed brindar un servicio inigualable.<\/p>\t\t\t\t\t\t\t\t<\/div>\n\t\t\t\t<\/div>\n\t\t\t\t<\/div>\n\t\t\t\t\t<\/div>\n\t\t\t\t<\/div>\n\t\t<div class=\"elementor-element elementor-element-6bd338a e-flex e-con-boxed elementor-invisible e-con e-parent\" data-id=\"6bd338a\" data-element_type=\"container\" data-e-type=\"container\" data-settings=\"{&quot;background_background&quot;:&quot;classic&quot;,&quot;animation&quot;:&quot;fadeIn&quot;}\">\n\t\t\t\t\t<div class=\"e-con-inner\">\n\t\t\t\t<div class=\"elementor-element elementor-element-efb6670 elementor-widget elementor-widget-ucaddon_vertical_curve_timeline\" data-id=\"efb6670\" data-element_type=\"widget\" data-e-type=\"widget\" data-widget_type=\"ucaddon_vertical_curve_timeline.default\">\n\t\t\t\t<div class=\"elementor-widget-container\">\n\t\t\t\t\t\n<!-- start Vertical Curved Timeline -->\n<style>\/* widget: Vertical Curved Timeline *\/\n\n#uc_vertical_curve_timeline_elementor_efb6670.ue-container{\n    \twidth: 100%;\n    \tdisplay: flex;\n    \talign-items: center;\n  }\n\n  \/* Timeline Container *\/\n\n#uc_vertical_curve_timeline_elementor_efb6670 .ue-timeline {\n    width:100%;\n    \/*margin: 20px auto;\n    padding: 20px;*\/\n  \tmargin: 0 auto;\n  \tpadding: 0 20px;\n  }\n\n#uc_vertical_curve_timeline_elementor_efb6670 .ue-item-image{\n  overflow:hidden;\n  \/*border:solid 1px #000;*\/\n}\n\n#uc_vertical_curve_timeline_elementor_efb6670 .ue-item-image img{\n  \/*object-fit: cover;*\/\n  width:100%;\n  height: 100%;\n  transition:0.3s;\n}\n\n\/*#uc_vertical_curve_timeline_elementor_efb6670 .ue-item-image:nth-child(even) {\n    align-items: right;\n}*\/\n  \n  \/* Card container *\/\n#uc_vertical_curve_timeline_elementor_efb6670 .ue-card {\n    position: relative;\n    display: flex;\n  }\n  \n#uc_vertical_curve_timeline_elementor_efb6670 .ue-slno{\n    \/*height: 50px;\n    width: 50px;*\/\n    border-radius: 50%;\n    \/*background: #000;\n    color: #fff;*\/\n    position: absolute;\n    top: 50%;\n    left: 0;\n    transform: translate(-50%, -50%);\n    display: grid;\n    place-content: center;\n  }\n\n  \/* setting padding based on even or odd *\/\n#uc_vertical_curve_timeline_elementor_efb6670 .ue-card:nth-child(odd) {\n    padding: 30px 0 30px 30px;\n  }\n#uc_vertical_curve_timeline_elementor_efb6670 .ue-card:nth-child(even) {\n    padding: 30px 30px 30px 0;\n  }\n  \/* Global ::before *\/\n#uc_vertical_curve_timeline_elementor_efb6670 .ue-card::before {\n    content: \"\";\n    position: absolute;\n    width: 50%;\n    \/*border: solid #000;*\/\n  }\n  \n  \/* Setting the border of top, bottom, left *\/\n#uc_vertical_curve_timeline_elementor_efb6670 .ue-card:nth-child(odd)::before {\n    left: 0px;\n    top: -5px;\n    bottom: -5px;\n    border-width: 5px 0 5px 5px;\n    border-radius: 20px 0 0 20px;\n  }\n  \n  \/* Setting the top and bottom to \"-5px\" because earlier it was out of a pixel in mobile devices *\/\n  @media only screen and (max-width: 400px) {\n#uc_vertical_curve_timeline_elementor_efb6670 .ue-card:nth-child(odd)::before {\n      top: -5px;\n      bottom: -5px;\n    }\n  }\n  \n  \/* Setting the border of top, bottom, right *\/\n#uc_vertical_curve_timeline_elementor_efb6670 .ue-card:nth-child(even)::before {\n    right: 0;\n    top: 0;\n    bottom: 0;\n    border-width: 5px 5px 5px 0;\n    border-radius: 0 20px 20px 0;\n  }\n  \n  \/* Removing the border if it is the first card *\/\n#uc_vertical_curve_timeline_elementor_efb6670 .ue-card:first-child::before {\n    border-top: 0;\n    border-top-left-radius: 0;\n  }\n  \n  \/* Removing the border if it is the last card  and it's odd *\/\n#uc_vertical_curve_timeline_elementor_efb6670 .ue-card:last-child:nth-child(odd)::before {\n    border-bottom: 0;\n    border-bottom-left-radius: 0;\n  }\n  \n  \/* Removing the border if it is the last card  and it's even *\/\n#uc_vertical_curve_timeline_elementor_efb6670 .ue-card:last-child:nth-child(even)::before {\n    border-bottom: 0;\n    border-bottom-right-radius: 0;\n  }\n  \n  \/* Information about the timeline *\/\n#uc_vertical_curve_timeline_elementor_efb6670 .ue-info {\n    display: flex;\n    flex-direction: column;\n    \/*color: #000;*\/\n    border-radius: 10px;\n    padding: 10px;\n    width: 100%;\n  }\n  \n  \/* Title of the card *\/\n#uc_vertical_curve_timeline_elementor_efb6670 .ue-title {\n    \/*color: #000;*\/\n    position: relative;\n  }\n  \n  \/* Timeline dot  *\/\n  \n  \/* text right if the card is even  *\/\n#uc_vertical_curve_timeline_elementor_efb6670 .ue-card:nth-child(even) {\n    text-align: right;\n  }\n\n#uc_vertical_curve_timeline_elementor_efb6670 .ue-card:nth-child(even) .ue-item-image{\n    margin-left: auto;\n  }\n  \n#uc_vertical_curve_timeline_elementor_efb6670 .ue-card:nth-child(even) .ue-info{\n    padding-right: 20px;\n    margin-left: auto;\n  }\n  \n#uc_vertical_curve_timeline_elementor_efb6670 .ue-card:nth-child(odd) .ue-info{\n    padding-left: 20px;\n  }\n\n  \/* setting dot to the left if the card is odd *\/\n#uc_vertical_curve_timeline_elementor_efb6670 .ue-card:nth-child(odd) > .ue-info > .ue-title::before {\n    left: -45px;\n  }\n  \n#uc_vertical_curve_timeline_elementor_efb6670 .ue-card:nth-child(even) > .ue-slno{\n    right: 0%;\n    left: auto;\n    transform: translate(50%, -50%);\n  \tmargin-right:2px;\n  }\n\n#uc_vertical_curve_timeline_elementor_efb6670 .ue-card:nth-child(odd) > .ue-slno{\n  \tmargin-left:2px;\n  }\n\n#uc_vertical_curve_timeline_elementor_efb6670 .ue-card:nth-child(1)::before{\n    height: 50%;\n    top: auto;\n  }\n\n#uc_vertical_curve_timeline_elementor_efb6670 .ue-card:last-child::before{\n    height: 50%;\n  }\n\n#uc_vertical_curve_timeline_elementor_efb6670 .ue-button-link{\n\twidth:fit-content;\n  \tz-index: 100;\n}\n\n#uc_vertical_curve_timeline_elementor_efb6670 .ue-card:nth-child(even) .ue-button-link {\n    margin-left:auto;\n  }\n\n<\/style>\n\n<div class=\"ue-container\" id=\"uc_vertical_curve_timeline_elementor_efb6670\">\n        <div class=\"ue-timeline\">\n            <div class=\"ue-outer\">\n              \n               <div class=\"ue-card elementor-repeater-item-10b6d7c\">\n  \n\t<div class=\"ue-slno\">\n                  <i class='fas fa-map-marker-alt'><\/i>      \n  \t<\/div>\n    <div class=\"ue-info\">\n      \n      \t      \t\n      \t<h3 class=\"ue-title\">1992<\/h3>      \t        <div class=\"ue-description\"><p>Se funda Harinera Indupan en Bogot\u00e1.<\/p><\/div>      \t      \t\t      \t    <\/div>\n<\/div>\n<div class=\"ue-card elementor-repeater-item-197655b\">\n  \n\t<div class=\"ue-slno\">\n                  <i class='far fa-building'><\/i>      \n  \t<\/div>\n    <div class=\"ue-info\">\n      \n      \t      \t\t    \t      \t\n      \t<h3 class=\"ue-title\">1995<\/h3>      \t        <div class=\"ue-description\"><p>Se funda Molinos del Atl\u00e1ntico en Barranquilla.<\/p><\/div>      \t      \t\t      \t    <\/div>\n<\/div>\n<div class=\"ue-card elementor-repeater-item-09b8480\">\n  \n\t<div class=\"ue-slno\">\n                  <i class='far fa-handshake'><\/i>      \n  \t<\/div>\n    <div class=\"ue-info\">\n      \n      \t      \t\t    \t      \t\n      \t<h3 class=\"ue-title\">2019<\/h3>      \t        <div class=\"ue-description\"><p>Molinos del Atl\u00e1ntico adquiere la marca La Insuperable.<\/p><\/div>      \t      \t\t      \t    <\/div>\n<\/div>\n<div class=\"ue-card elementor-repeater-item-a945336\">\n  \n\t<div class=\"ue-slno\">\n                  <i class='fas fa-luggage-cart'><\/i>      \n  \t<\/div>\n    <div class=\"ue-info\">\n      \n      \t      \t\t    \t      \t\n      \t<h3 class=\"ue-title\">2024<\/h3>      \t        <div class=\"ue-description\"><p>Harinera Indupan abre su CEDI en Funza.\u00a0<\/p><\/div>      \t      \t\t      \t    <\/div>\n<\/div>\n\n\n            <\/div>\n          <\/div>\n    <\/div>\n<!-- end Vertical Curved Timeline -->\t\t\t\t<\/div>\n\t\t\t\t<\/div>\n\t\t\t\t\t<\/div>\n\t\t\t\t<\/div>\n\t\t\t\t<\/div>\n\t\t","protected":false},"excerpt":{"rendered":"<p>Nuestra Historia Con un sue\u00f1o familiar, Harinera Indupan nace en 1992, con el anhelo de fabricar, comercializar y fidelizar la calidad de nuestros productos derivados de trigo y ma\u00edz, alcanzando a todas las panader\u00edas y hogares colombianos, implementando valores como confianza, transparencia e integridad en nuestros servicios. Misi\u00f3n Trabajamos para ofrecer nuestros productos con los [&hellip;]<\/p>\n","protected":false},"author":1,"featured_media":0,"parent":0,"menu_order":0,"comment_status":"closed","ping_status":"closed","template":"","meta":{"om_disable_all_campaigns":false,"_uag_custom_page_level_css":"","_monsterinsights_skip_tracking":false,"_monsterinsights_sitenote_active":false,"_monsterinsights_sitenote_note":"","_monsterinsights_sitenote_category":0,"site-sidebar-layout":"no-sidebar","site-content-layout":"page-builder","ast-site-content-layout":"full-width-container","site-content-style":"default","site-sidebar-style":"default","ast-global-header-display":"","ast-banner-title-visibility":"","ast-main-header-display":"","ast-hfb-above-header-display":"","ast-hfb-below-header-display":"","ast-hfb-mobile-header-display":"","site-post-title":"disabled","ast-breadcrumbs-content":"","ast-featured-img":"disabled","footer-sml-layout":"","ast-disable-related-posts":"","theme-transparent-header-meta":"","adv-header-id-meta":"","stick-header-meta":"","header-above-stick-meta":"","header-main-stick-meta":"","header-below-stick-meta":"","astra-migrate-meta-layouts":"set","ast-page-background-enabled":"default","ast-page-background-meta":{"desktop":{"background-color":"var(--ast-global-color-4)","background-image":"","background-repeat":"repeat","background-position":"center center","background-size":"auto","background-attachment":"scroll","background-type":"","background-media":"","overlay-type":"","overlay-color":"","overlay-opacity":"","overlay-gradient":""},"tablet":{"background-color":"","background-image":"","background-repeat":"repeat","background-position":"center center","background-size":"auto","background-attachment":"scroll","background-type":"","background-media":"","overlay-type":"","overlay-color":"","overlay-opacity":"","overlay-gradient":""},"mobile":{"background-color":"","background-image":"","background-repeat":"repeat","background-position":"center center","background-size":"auto","background-attachment":"scroll","background-type":"","background-media":"","overlay-type":"","overlay-color":"","overlay-opacity":"","overlay-gradient":""}},"ast-content-background-meta":{"desktop":{"background-color":"var(--ast-global-color-5)","background-image":"","background-repeat":"repeat","background-position":"center center","background-size":"auto","background-attachment":"scroll","background-type":"","background-media":"","overlay-type":"","overlay-color":"","overlay-opacity":"","overlay-gradient":""},"tablet":{"background-color":"var(--ast-global-color-5)","background-image":"","background-repeat":"repeat","background-position":"center center","background-size":"auto","background-attachment":"scroll","background-type":"","background-media":"","overlay-type":"","overlay-color":"","overlay-opacity":"","overlay-gradient":""},"mobile":{"background-color":"var(--ast-global-color-5)","background-image":"","background-repeat":"repeat","background-position":"center center","background-size":"auto","background-attachment":"scroll","background-type":"","background-media":"","overlay-type":"","overlay-color":"","overlay-opacity":"","overlay-gradient":""}},"_joinchat":[],"footnotes":""},"class_list":["post-1899","page","type-page","status-publish","hentry"],"uagb_featured_image_src":{"full":false,"thumbnail":false,"medium":false,"medium_large":false,"large":false,"1536x1536":false,"2048x2048":false},"uagb_author_info":{"display_name":"djzralejo15","author_link":"https:\/\/indupan.com\/author\/djzralejo15\/"},"uagb_comment_info":0,"uagb_excerpt":"Nuestra Historia Con un sue\u00f1o familiar, Harinera Indupan nace en 1992, con el anhelo de fabricar, comercializar y fidelizar la calidad de nuestros productos derivados de trigo y ma\u00edz, alcanzando a todas las panader\u00edas y hogares colombianos, implementando valores como confianza, transparencia e integridad en nuestros servicios. Misi\u00f3n Trabajamos para ofrecer nuestros productos con los&hellip;","_links":{"self":[{"href":"https:\/\/indupan.com\/index.php\/wp-json\/wp\/v2\/pages\/1899","targetHints":{"allow":["GET"]}}],"collection":[{"href":"https:\/\/indupan.com\/index.php\/wp-json\/wp\/v2\/pages"}],"about":[{"href":"https:\/\/indupan.com\/index.php\/wp-json\/wp\/v2\/types\/page"}],"author":[{"embeddable":true,"href":"https:\/\/indupan.com\/index.php\/wp-json\/wp\/v2\/users\/1"}],"replies":[{"embeddable":true,"href":"https:\/\/indupan.com\/index.php\/wp-json\/wp\/v2\/comments?post=1899"}],"version-history":[{"count":134,"href":"https:\/\/indupan.com\/index.php\/wp-json\/wp\/v2\/pages\/1899\/revisions"}],"predecessor-version":[{"id":2457,"href":"https:\/\/indupan.com\/index.php\/wp-json\/wp\/v2\/pages\/1899\/revisions\/2457"}],"wp:attachment":[{"href":"https:\/\/indupan.com\/index.php\/wp-json\/wp\/v2\/media?parent=1899"}],"curies":[{"name":"wp","href":"https:\/\/api.w.org\/{rel}","templated":true}]}}